{"id":53,"date":"2024-05-18T09:38:24","date_gmt":"2024-05-18T09:38:24","guid":{"rendered":"http:\/\/www.basslabor.ch\/wordpress_i\/?page_id=53"},"modified":"2024-06-09T16:29:26","modified_gmt":"2024-06-09T16:29:26","slug":"die-musiker","status":"publish","type":"page","link":"https:\/\/gtcalebasse.ch\/index.php\/gtcalebasse\/die-musiker\/","title":{"rendered":"die Musiker"},"content":{"rendered":"\n<div style=\"height:100px\" aria-hidden=\"true\" class=\"wp-block-spacer wp-block-columns\"><\/div>\n\n\n\n<figure class=\"wp-block-image size-full is-resized\"><img loading=\"lazy\" decoding=\"async\" width=\"502\" height=\"501\" src=\"https:\/\/gtcalebasse.ch\/wp-content\/uploads\/2024\/05\/Portrait-Christoph.jpg\" alt=\"\" class=\"wp-image-37\" style=\"width:184px;height:auto\" srcset=\"https:\/\/gtcalebasse.ch\/wp-content\/uploads\/2024\/05\/Portrait-Christoph.jpg 502w, https:\/\/gtcalebasse.ch\/wp-content\/uploads\/2024\/05\/Portrait-Christoph-300x300.jpg 300w, https:\/\/gtcalebasse.ch\/wp-content\/uploads\/2024\/05\/Portrait-Christoph-150x150.jpg 150w\" sizes=\"auto, (max-width: 502px) 100vw, 502px\" \/><\/figure>\n\n\n\n<p>Christoph M\u00e4chler, Bassist,Absolvent der Jazzschule St Gallen und des Konservatoriums in Z\u00fcrich<\/p>\n\n\n\n<div style=\"height:100px\" aria-hidden=\"true\" class=\"wp-block-spacer\"><\/div>\n\n\n\n<figure class=\"wp-block-image size-full is-resized\"><img loading=\"lazy\" decoding=\"async\" width=\"500\" height=\"500\" src=\"https:\/\/gtcalebasse.ch\/wp-content\/uploads\/2024\/05\/Portrait-Alhassane.jpg\" alt=\"\" class=\"wp-image-12\" style=\"width:181px;height:auto\" srcset=\"https:\/\/gtcalebasse.ch\/wp-content\/uploads\/2024\/05\/Portrait-Alhassane.jpg 500w, https:\/\/gtcalebasse.ch\/wp-content\/uploads\/2024\/05\/Portrait-Alhassane-300x300.jpg 300w, https:\/\/gtcalebasse.ch\/wp-content\/uploads\/2024\/05\/Portrait-Alhassane-150x150.jpg 150w\" sizes=\"auto, (max-width: 500px) 100vw, 500px\" \/><\/figure>\n\n\n\n<p>Alhassane Soumah, Percussionist, studierte in Guinea Percussion, Kursleiter f\u00fcr die Unesco in Senegal und Guinea<\/p>\n\n\n\n<div style=\"height:100px\" aria-hidden=\"true\" class=\"wp-block-spacer\"><\/div>\n\n\n\n<figure class=\"wp-block-image size-full is-resized\"><img loading=\"lazy\" decoding=\"async\" width=\"500\" height=\"500\" src=\"https:\/\/gtcalebasse.ch\/wp-content\/uploads\/2024\/05\/Portrait-Florian.jpg\" alt=\"\" class=\"wp-image-38\" style=\"width:181px;height:auto\" srcset=\"https:\/\/gtcalebasse.ch\/wp-content\/uploads\/2024\/05\/Portrait-Florian.jpg 500w, https:\/\/gtcalebasse.ch\/wp-content\/uploads\/2024\/05\/Portrait-Florian-300x300.jpg 300w, https:\/\/gtcalebasse.ch\/wp-content\/uploads\/2024\/05\/Portrait-Florian-150x150.jpg 150w\" sizes=\"auto, (max-width: 500px) 100vw, 500px\" \/><\/figure>\n\n\n\n<p>Florian M\u00e4chler, Gitarrist, studierte am MI in Los Angeles, Absolvent der Jazzschule Luzern<\/p>\n\n\n\n<div style=\"height:100px\" aria-hidden=\"true\" class=\"wp-block-spacer\"><\/div>\n","protected":false},"excerpt":{"rendered":"<p>Christoph M\u00e4chler, Bassist,Absolvent der Jazzschule St Gallen und des Konservatoriums in Z\u00fcrich Alhassane Soumah, Percussionist, studierte in Guinea Percussion, Kursleiter f\u00fcr die Unesco in Senegal und Guinea Florian M\u00e4chler, Gitarrist, studierte am MI in Los Angeles, Absolvent der Jazzschule Luzern<\/p>\n","protected":false},"author":1,"featured_media":0,"parent":7,"menu_order":2,"comment_status":"closed","ping_status":"closed","template":"page-no-title","meta":{"footnotes":""},"class_list":["post-53","page","type-page","status-publish","hentry"],"_links":{"self":[{"href":"https:\/\/gtcalebasse.ch\/index.php\/wp-json\/wp\/v2\/pages\/53","targetHints":{"allow":["GET"]}}],"collection":[{"href":"https:\/\/gtcalebasse.ch\/index.php\/wp-json\/wp\/v2\/pages"}],"about":[{"href":"https:\/\/gtcalebasse.ch\/index.php\/wp-json\/wp\/v2\/types\/page"}],"author":[{"embeddable":true,"href":"https:\/\/gtcalebasse.ch\/index.php\/wp-json\/wp\/v2\/users\/1"}],"replies":[{"embeddable":true,"href":"https:\/\/gtcalebasse.ch\/index.php\/wp-json\/wp\/v2\/comments?post=53"}],"version-history":[{"count":9,"href":"https:\/\/gtcalebasse.ch\/index.php\/wp-json\/wp\/v2\/pages\/53\/revisions"}],"predecessor-version":[{"id":109,"href":"https:\/\/gtcalebasse.ch\/index.php\/wp-json\/wp\/v2\/pages\/53\/revisions\/109"}],"up":[{"embeddable":true,"href":"https:\/\/gtcalebasse.ch\/index.php\/wp-json\/wp\/v2\/pages\/7"}],"wp:attachment":[{"href":"https:\/\/gtcalebasse.ch\/index.php\/wp-json\/wp\/v2\/media?parent=53"}],"curies":[{"name":"wp","href":"https:\/\/api.w.org\/{rel}","templated":true}]}}