{"id":149,"date":"2026-03-05T13:20:03","date_gmt":"2026-03-05T13:20:03","guid":{"rendered":"https:\/\/gtcalebasse.ch\/?page_id=149"},"modified":"2026-03-05T15:05:56","modified_gmt":"2026-03-05T15:05:56","slug":"workshops","status":"publish","type":"page","link":"https:\/\/gtcalebasse.ch\/index.php\/workshops\/","title":{"rendered":"Workshops"},"content":{"rendered":"\n<p><strong>Die P\u00e4dagogik des Calebassen-Spiels<\/strong><\/p>\n\n\n\n<p>Traditionell spielt man die Kalebasse in Afrika. Man legt eine Matte auf den Boden und ein Kissen oder ein Stofftuch unter die Kalebasse, um sie zu sch\u00fctzen, da sie sehr zerbrechlich ist. Anschlie\u00dfend platziert man die Kalebasse zwischen den Oberschenkeln, um ihre Stabilit\u00e4t zu gew\u00e4hrleisten.<\/p>\n\n\n\n<p>In der P\u00e4dagogik bringt dir Alhassane die Techniken bei, wie man die H\u00e4nde auf der Kalebasse positioniert \u2013 das hei\u00dft, mit geschlossenen und offenen Handfl\u00e4chen sowie mit den Fingern zu spielen, ohne sich dabei zu verletzen. Er zeigt dir au\u00dferdem, wie man seinen eigenen Rhythmus kreiert, von innen nach au\u00dfen.<\/p>\n\n\n\n<p>Nachdem man gemeinsam einen Rhythmus erschaffen hat, veranstaltet man einen Workshop, um diesen eigenen Rhythmus zu begleiten und zu vertiefen.<\/p>\n\n\n\n<figure class=\"wp-block-image size-full\"><img loading=\"lazy\" decoding=\"async\" width=\"960\" height=\"720\" src=\"https:\/\/gtcalebasse.ch\/wp-content\/uploads\/2026\/03\/Workshopklasse.jpg\" alt=\"\" class=\"wp-image-150\" srcset=\"https:\/\/gtcalebasse.ch\/wp-content\/uploads\/2026\/03\/Workshopklasse.jpg 960w, https:\/\/gtcalebasse.ch\/wp-content\/uploads\/2026\/03\/Workshopklasse-300x225.jpg 300w, https:\/\/gtcalebasse.ch\/wp-content\/uploads\/2026\/03\/Workshopklasse-768x576.jpg 768w\" sizes=\"auto, (max-width: 960px) 100vw, 960px\" \/><\/figure>\n\n\n\n<p><\/p>\n\n\n\n<p><strong>Kompetenzen<\/strong><\/p>\n\n\n\n<ul class=\"wp-block-list\">\n<li><strong>Instrumente:<\/strong>&nbsp;Kalebasse, Bolon, Gongoma, Gitarre<\/li>\n\n\n\n<li><strong>Afrikanische Musik:<\/strong>&nbsp;GTcalebasse ist Spezialist f\u00fcr afrikanische Musik und hat mit K\u00fcnstlern aus verschiedenen kulturellen Hintergr\u00fcnden zusammengearbeitet.<\/li>\n<\/ul>\n\n\n\n<p><\/p>\n","protected":false},"excerpt":{"rendered":"<p>Die P\u00e4dagogik des Calebassen-Spiels Traditionell spielt man die Kalebasse in Afrika. Man legt eine Matte auf den Boden und ein Kissen oder ein Stofftuch unter die Kalebasse, um sie zu sch\u00fctzen, da sie sehr zerbrechlich ist. Anschlie\u00dfend platziert man die Kalebasse zwischen den Oberschenkeln, um ihre Stabilit\u00e4t zu gew\u00e4hrleisten. In der P\u00e4dagogik bringt dir Alhassane [&hellip;]<\/p>\n","protected":false},"author":1,"featured_media":0,"parent":0,"menu_order":0,"comment_status":"closed","ping_status":"closed","template":"","meta":{"footnotes":""},"class_list":["post-149","page","type-page","status-publish","hentry"],"_links":{"self":[{"href":"https:\/\/gtcalebasse.ch\/index.php\/wp-json\/wp\/v2\/pages\/149","targetHints":{"allow":["GET"]}}],"collection":[{"href":"https:\/\/gtcalebasse.ch\/index.php\/wp-json\/wp\/v2\/pages"}],"about":[{"href":"https:\/\/gtcalebasse.ch\/index.php\/wp-json\/wp\/v2\/types\/page"}],"author":[{"embeddable":true,"href":"https:\/\/gtcalebasse.ch\/index.php\/wp-json\/wp\/v2\/users\/1"}],"replies":[{"embeddable":true,"href":"https:\/\/gtcalebasse.ch\/index.php\/wp-json\/wp\/v2\/comments?post=149"}],"version-history":[{"count":2,"href":"https:\/\/gtcalebasse.ch\/index.php\/wp-json\/wp\/v2\/pages\/149\/revisions"}],"predecessor-version":[{"id":158,"href":"https:\/\/gtcalebasse.ch\/index.php\/wp-json\/wp\/v2\/pages\/149\/revisions\/158"}],"wp:attachment":[{"href":"https:\/\/gtcalebasse.ch\/index.php\/wp-json\/wp\/v2\/media?parent=149"}],"curies":[{"name":"wp","href":"https:\/\/api.w.org\/{rel}","templated":true}]}}